. Let h(m) = -m + m + t*m + 16. Let w be 9945/(-975) + (-8)/10. Give h(w).
-6
Suppose 4*d + 33 = -m, 5*m + 2*d + 103 = -44. Let l = m - -31. Let b(u) = 2 - 3*u + l*u - 3*u. Give b(3).
-10
Let g(z) be the first derivative of -18 - 3/2*z**2 + 0*z - 1/2*z**4 + 5/3*z**3. Let x be ((-1)/3)/((-2)/18). Determine g(x).
-18
Let i(b) = -6*b + 77 - 73 - 8. Give i(3).
-22
Let a = 1568 + -939. Let q = 624 - a. Let r(i) = i - 8. Give r(q).
-13
Let t(s) = s**3 - 3*s**2 - 131*s + 7. Suppose 4 = -2*h + 5*u, -5*u + 118 = -5*h + 153. Calculate t(h).
-6
Let v(l) = -2*l**2 + 21*l - 24. Let c be (522/63 + -4)*(-105)/(-45). Calculate v(c).
-14
Let f(d) = -2 + 52*d + 69*d - d**2 - 172*d + 55*d. Let b = 5 + -18. Let m = b + 15. Determine f(m).
2
Let q(d) be the second derivative of -d**7/1260 - 13*d**6/720 + d**5/120 - 5*d**4/12 + d**2 + 71*d. Let n(v) be the third derivative of q(v). Give n(-7).
-6
Let o(r) = -r**2 + 7. Let x(k) = 5*k**2 - 3*k + 12. Let c be x(3). Suppose 0 = -f - 3*i + 55, 2*f - i = c + 27. Suppose 0 = 38*z - f*z. Give o(z).
7
Let f(t) = 90*t - 34. Let o(i) = -22*i + 11. Let u(g) = -6*f(g) - 25*o(g). Determine u(10).
29
Let k = 550 + -553. Let c(z) = -28*z - 2. What is c(k)?
82
Let t(d) be the second derivative of -d**4/12 - 5*d**3/6 + 15*d**2/2 + 2101*d. Calculate t(-4).
19
Suppose -2*u + 39*l - 36*l - 9 = 0, u - 6 = -2*l. Let j(r) be the second derivative of 0 + u*r**3 - 12*r + r**2 + 1/12*r**4. Give j(0).
2
Let x = 39 - 15. Let c = 23 - x. Let u(o) = 3*o. Determine u(c).
-3
Let u = -8 - -78. Let j be (-7)/42 - (-6)/((-72)/u). Let m(s) = -2*s - 5. What is m(j)?
7
Let t(s) = -s. Let c(h) = -h**2 - 14*h + 18. Let i be c(-16). Let m = i - -9. Let n be -8 + -2 - (2 + m). Determine t(n).
7
Let l(b) = 3 - 107*b + 7*b**2 - 21*b**3 + 96*b + 20*b**3 + 2. Determine l(5).
0
Let m(q) = q**2 + 3*q - 44. Suppose c - 1 = b, 131*b = -2*c + 127*b + 26. Calculate m(c).
-4
Let c(z) be the third derivative of -z**5/60 + z**4/24 + z**3 + 42*z**2. Suppose d + 30 = -2*b - 4*d, -1 = -3*b + 4*d. What is c(b)?
-24
Let y(a) = -17*a**2 - 3*a - 56. Let o(w) = -59*w**2 - 4*w - 167. Let k(s) = 2*o(s) - 7*y(s). Determine k(-6).
16
Let k(b) = -b**3 + 69*b - 44. Let r = -11690 + 11698. What is k(r)?
-4
Let z(a) = -3*a + 42. Let y be z(14). Let i be 3 + (0 - -3) + y. Let w(d) = -8*d**2 - 10*d + 5 - 5*d**2 + 20*d**2 - i*d**2. What is w(7)?
-16
Let y(f) = f**3 - 3*f**2 + 3*f - 2. Suppose -14 + 6 = -4*v. Let o be y(v). Suppose o = 3*h - s + 4, -3*h = 5*s - 3*s - 8. Let n(r) = r + 8. Calculate n(h).
8
Let m = -244 + 241. Let o(x) = 2*x - 9. Let t(b) = 3*b - 29. Let w(i) = 6*o(i) - 2*t(i). Give w(m).
-14
Let o(t) be the third derivative of -t**3 - 1/120*t**6 + 1/12*t**5 - 5*t - t**2 + 0 + 3/8*t**4. Give o(6).
12
Let g(j) = -105*j + 3*j**2 + 50*j + 48*j - 4. Let a(s) = 2*s**2 - 2. Let k(n) = 2*a(n) - g(n). Give k(-6).
-6
Let y(j) = j**3 + j**2 - 9*j - 1. Let i(h) = -9*h**3 - 9*h**2 + 84*h + 9. Let o(g) = 2*i(g) + 19*y(g). What is o(-2)?
1
Suppose -2*i = m + 9, -4*i + 2*m + 3 = 9. Let r be 7/21*(-129)/(-1). Let j(w) = -r - 42 + 87 + 2*w**2 + 5*w. Determine j(i).
5
Suppose 0*i + 3*m + 21 = -i, -4*i - 4*m - 44 = 0. Let n be (1 - 2)/(6/(-12)). Let d(z) = 5*z + 0*z**2 - n*z**2 + 44 - 51 + 3*z**2. What is d(i)?
-1
Let c(j) = -j**3 + 9*j**2 - 8*j + 4. Let x = -4 + 8. Suppose -4*y + x = -0. Let o be y/(-2) - 17/(-2). What is c(o)?
4
Let f(o) = -72*o + 34*o + 5 + 29*o. Let n(t) = 17*t - 9. Let m(w) = -11*f(w) - 6*n(w). Let i(s) = s**3 + 6*s**2 + 4*s - 1. Let l be i(-5). Give m(l).
-13
Let r(u) = u**2 + 12*u - 114. Suppose -517*w = -310*w - 1449. What is r(w)?
19
Suppose -6 = 20*c + 174. Let a(k) = k + 1. Let j(u) = 4*u. Let f(n) = -6*a(n) + 2*j(n). Give f(c).
-24
Let h(r) = -11*r - 101. Suppose 0 = 3*f - 15, -39*n - f - 22 = -36*n. Calculate h(n).
-2
Suppose -229*k = -120*k + 327. Let v(x) = -5*x**2 - 2*x - 5. Calculate v(k).
-44
Let y(u) be the second derivative of -5*u**3/6 - 11*u**2 - 869*u. Calculate y(-4).
-2
Let r(v) be the second derivative of v**5/60 - 13*v**4/24 + v**3/6 - v**2/2 - 57*v - 1. Let y(t) be the second derivative of r(t). What is y(6)?
-1
Let t(f) be the second derivative of f**4/6 + 29*f**3/6 - 53*f**2/2 - 12*f - 33. Determine t(-16).
-5
Suppose -67 = -3*b - 64. Let r(k) = 8 - 9 + k + b + 2. Let z = 1 + -2. Determine r(z).
1
Let g(u) = 47833 - 9*u + u - 47844. Calculate g(-1).
-3
Let j(f) = 899*f + 892*f + 3*f**2 - 4*f**2 + 40 - 1781*f. Give j(-3).
1
Let p(o) = -o + 1. Let r(g) = 2*g**2 + 7*g. Let v be r(-4). Suppose -3*x - v*w = -2*x - 15, 0 = 5*x - 2*w - 9. Give p(x).
-2
Suppose 5*d - 639 = -4*d. Let v(a) = 4*a + a + 70*a**2 - d*a**2 - 3*a. Suppose 3*o = 5*y + 16, -3*y = 4*o - y + 22. Give v(o).
-15
Suppose -5*o + 4*c = -8, o + 7*c + 6 = 4*c. Let t(g) = 4*g - g**2 - 1 + o - 10*g. Suppose 2*k = -3*h - 12, -3*h = -3*k - 3 - 15. Give t(k).
-1
Let o = 25 + -36. Let v(j) = -10 + 1 - 51555268*j + 51555267*j. What is v(o)?
2
Let f(j) = -j**2 + 6*j - 2. Suppose 5*y = 4*s - 62, -2*s + 66*y - 14 = 71*y. Determine f(s).
-18
Let t(b) = -3*b - 19. Let n be t(-13). Suppose -n = 3*m - 2*r - 2*r, -2*m + 3*r - 15 = 0. Let w(g) = -g - 24. Calculate w(m).
-24
Let i(o) = -o - 5. Suppose 5*f + 20 = 170. Suppose 3*w = 5*h - 0*h - 27, -2*h + 17 = 5*w. Suppose -4*k + h = f. Determine i(k).
1
Let j(m) be the first derivative of -m**3/3 - 14*m**2 - 30*m - 762. What is j(-28)?
-30
Let y(g) = g**3 + 8*g**2 + 13*g + 10. Let d be y(-6). Let z be -6*1*(-6)/d. Let a be z/(-2)*(-4)/3. Let s(p) = -p**2 + 2*p - 3. Determine s(a).
-27
Let f = 1000 - 999. Let c(q) = 5*q**2 + 2*q + 1. Give c(f).
8
Let y(f) be the second derivative of -f**3/6 - f**2 - 3*f. Let l be 24/(-1 - (-3 + 0)). Suppose -12*j + 10*j = l. Give y(j).
4
Let u(j) = -j**3 - 6*j**2 - 5*j. Suppose -13*f = -78 - 0. Suppose -32 = f*m + 2*m. What is u(m)?
-12
Let o(i) = 5927*i**2 + i**3 + 91*i - 6006*i**2 + 163 - 5 - 15*i. Calculate o(78).
2
Let j = -21655/3 - -7219. Let i(v) be the first derivative of -j*v**3 - 19 + v**2 + v. What is i(4)?
-23
Let h(b) = -b**2 + 5*b + 13. Suppose 6*l = 3*l - 3*n + 3, -1 = 5*l - n. Suppose 0 = 2*s + 5*u - 12, -s + 2*u + 2 + 4 = l. What is h(s)?
7
Let q(s) = -10 + 2*s**3 + 79665567*s - 79665565*s - 53 + 14*s**2. Determine q(-6).
-3
Suppose -3*y - y - 9 = -t, 0 = -2*t + 5*y + 12. Let n be t + -3 + (-1 - 2). Let w(v) be the first derivative of v**3/3 + 3*v**2/2 - 5*v - 5. What is w(n)?
5
Let m(u) = u**2 - 4*u + 3. Suppose z + 4*x = 44 + 19, 12 = 3*x. Let l = z - -23. Let a = l - 68. Determine m(a).
-1
Suppose -532*a - v + 43 = -527*a, -4*a = -5*v - 17. Let d(t) = t**2 - 7*t - 7. Determine d(a).
1
Suppose 2*t + 5 = 3*t. Let d(a) be the first derivative of a**3/3 - a**2/2 - a - 1177. Determine d(t).
19
Let y(a) be the third derivative of -a**5/60 - 4*a**4/3 - 4*a**3/3 + 7035*a**2. Give y(0).
-8
Let a(h) be the third derivative of -1/3*h**3 - 1/60*h**5 + 0*h + 46*h**2 - 1/12*h**4 + 0. Calculate a(-4).
-10
Let y(g) be the second derivative of -g**5/20 + 7*g**4/12 - 5*g**3/6 - g**2 - 2*g - 1538. Give y(5).
23
Let q(u) = 2*u + 23. Let r be q(20). Let h(l) = -1 + r*l - 130*l + 74*l + l**2. Give h(-5).
-11
Suppose 19*o = -16*o - 245. Let w(m) = -8*m - 65. Calculate w(o).
-9
Let t(m) = -m**2 + 24*m - 41. Let c be 9 + 23 - (-41 + 58). Determine t(c).
94
Let y(z) = -23*z**2 + 25*z + 22. Let w(h) = 7*h**2 - 8*h - 7. Let x(d) = 10*w(d) + 3*y(d). Suppose -40 = 7*b - 2*b. Let m = b + 13. Determine x(m).
-4
Let q(h) = -4 - 54*h - 18*h - 18*h + 59*h + 0. What is q(3)?
-97
Suppose 0 = r + 17*m - 12*m - 9, -61 = -3*r + 2*m. Let p(w) = w + r + 20 + 23 - 77. Suppose 3*x + 2*c - 10 = 0, 15 = -5*x - 0*c + 3*c. Determine p(x).
-15
Let h(o) = -4*o - 116. Suppose 17534*j + 324 = 17522*j. Give h(j).
-8
Let c(j) be the third derivative of j**6/120 - 7*j**5/60 + j**4/6 + 17*j**3/6 + 9*j**2 + 41. Calculate c(5).
-13
Suppose 8*g + 69 = 11*g. Let v(c) = c**3 - 17*c**2 + 2*c - 12. Let d be v(g). Let r(j) = 0*j**2 + 3206 + 5*j + j**2 - d. Determine r(-6).
4
Suppose -2*z - 18 = -5*y, 4*z - 2*z = -4*y. Let p(b) = 3*b**3 - 2*b**3 - y*b**2 - 4 - 19*b + 16*b. Let r(o) = -13*o - 49. Let k be r(-4). Determine p(k).
-4
Let d = 11259 + -11260. Let z(p) = -15*p**3 + 10*p**2 + 7*p - 2. Give z(d).
16
Let b(f) = f**3 - 13*f**2 + 15*f + 23. Let t be b(13). Let